j + 2*x. Let h(k) = 3 - j + 70*k**2 + 3*k**3 - 68*k**2 - 9*k**3. What is h(-1)?
7
Let a(q) be the second derivative of -q**3/6 + 5*q**2/2 + 75*q - 1. Determine a(-4).
9
Suppose 88 = -19*a + 41*a. Let l(w) be the third derivative of -4/3*w**3 + 0 - 1/6*w**4 + a*w**2 - 1/12*w**5 + 1/120*w**6 + 0*w. Determine l(6).
4
Let o(q) = -q**3 - 8*q**2 + 12*q. Let p be o(-9). Let m = -30 - p. Let h be (m - 1) + (-8)/(-2). Let c(j) = -j + 5. Determine c(h).
5
Let t(v) = 56*v - 78. Let h(g) = -5*g + 7. Let y(f) = 68*h(f) + 6*t(f). Calculate y(4).
-8
Let p(c) = -3*c - 28. Let s be p(-11). Let n(u) = u**3 + 2. Let y be n(0). Let h(x) = -4*x**2 - 2*x**2 + 5*x**y + 5 + 5*x. Determine h(s).
5
Let q be (-99)/6 - -2 - (-115)/46. Let u(y) = y**3 + 12*y**2 + y + 4. Determine u(q).
-8
Let s(y) = y + 5. Suppose -37*m = -38*m + 9. Let o be m - 11 - (4 + -2 + 1). What is s(o)?
0
Let c(r) = 7*r - 1. Let l(h) = -50*h + 40. Let s(d) = -14*c(d) - 2*l(d). Determine s(0).
-66
Let c(x) = 56 + 2*x - 5*x - 71. What is c(-8)?
9
Let y(p) = -3*p**2 + 2*p + 31. Let n be y(4). Let h(q) = q**2 + 11*q - 4. Give h(n).
-22
Let x(h) be the second derivative of h**4/12 + h**3/3 - 6*h**2 + 2*h - 64. What is x(-5)?
3
Let l(n) = n**3 - 8*n**2 + 10*n - 8. Suppose 0 = 2*d + 3*k - 27, 7*k - 9*k = -5*d + 20. What is l(d)?
-20
Let a(x) be the second derivative of x**4/12 + 5*x**3/6 + x**2/2 - 22*x. Let o = -7 - -11. Let f be (-15)/10 + (-18)/o. What is a(f)?
7
Let a(u) = u**3 - 11*u**2 - u - 13. Let z(c) = c**2 - 2*c + 1. Let b(y) = -a(y) - 3*z(y). What is b(9)?
-8
Suppose -5*t = -20, -i + 8*t = 5*t + 11. Suppose -2*g + 19 = -0*u + 5*u, 5*g + 5 = 5*u. Let b(f) = 3*f + i + 0*f + g + 3*f. What is b(-2)?
-9
Let i(m) = -m**3 - 5*m**2 - m + 3. Let j be ((-105)/(-10))/(3/2). Suppose 2*c + j + 3 = -4*d, -10 = 2*c + 5*d. What is i(c)?
8
Let w(q) be the second derivative of -5*q**3/2 + q**2/2 + 97*q. Give w(-1).
16
Suppose 3*v - 7 = -3*b + 4*b, -6 = -2*v. Let w(o) = -2*o**2 + 3 + 8*o**2 - b*o**2 - 4*o - 9*o**3 + 10*o**3. What is w(-5)?
-2
Let z(t) = 3*t**2 - 3*t + 1. Let k(w) = 4*w**3 - 3*w**2 + 2*w - 1. Let y be k(1). Suppose y = -4*o + 10. Determine z(o).
7
Let x be (-4000)/(-4320) + 2/27. Let z(u) be the first derivative of 5*u**4/6 + u**3/3 - u**2/2 - 2*u - 2. Let p(q) be the first derivative of z(q). Give p(x).
11
Let f(n) = n**3 + 19*n**2 + 18*n + 9. Let x be (6 + (-36)/(-48))/((-6)/16). Give f(x).
9
Let d(s) = s + 9. Suppose 2*h + 5 = -3*h, -q + 4*h - 10 = 0. Determine d(q).
-5
Let p(q) = q**3 + 4*q**2 + 6*q. Let c(x) = -x**3 - 4*x**2 - 5*x. Let n(w) = -4*c(w) - 3*p(w). Let y be (-202)/18 - 16/(-72). Let o = y + 7. Give n(o).
-8
Let y(u) = -15 + 2130*u**3 - 2131*u**3 - 10 - 17*u**2 - u. Determine y(-17).
-8
Suppose -4*m + y = -66, -2*m + 3*y + 38 = -0*m. Suppose 4*o + m = 8*o. Let c(j) = 2*j**2 - 5*j - 3. Calculate c(o).
9
Suppose -5*z = -51 - 14. Let m(f) = f**2 + 5*f + 4. Let j(g) = 2*g**2 + 11*g + 9. Let d(w) = z*m(w) - 6*j(w). Give d(-2).
4
Let x(a) = a + 125 - 66 - 70. Determine x(7).
-4
Let j(c) be the second derivative of c**7/630 + c**6/360 - c**5/120 + 5*c**4/3 - 26*c. Let b(g) be the third derivative of j(g). Determine b(-2).
11
Let n(k) = -k**3 - k - 1. Let o(g) = 4*g**3 - 15*g**2 + 23*g + 22. Let y(t) = 5*n(t) + o(t). What is y(-16)?
-15
Let l(s) = 8*s**2 + 0 - 28*s**2 + 14*s**2 + 2. What is l(2)?
-22
Let o(t) = -t**3 + 2*t**2 + t - 2. Suppose 0 = 11*r - 40 + 7. Let l be 2*-6*(-2)/(-4). Let q be 2/l - (-7)/r. What is o(q)?
0
Let b = 23 + -38. Let d be 14/(-10) + 9/b. Let h(u) = -u**2 - 2*u + 2 + 4*u - u**3 + 0. Give h(d).
2
Let l(a) = -3*a**2 + 2. Let y(v) = v**2 - v - 1. Let f(o) = l(o) + y(o). Suppose 85*x - 29*x - 112 = 0. Calculate f(x).
-9
Suppose -3 = -16*g + 13*g. Suppose 11 = 3*n - g. Let i(a) = -2*a + 6. Determine i(n).
-2
Let m(i) = -4*i + 9. Let r(w) be the third derivative of -w**4/3 + 17*w**3/6 - 19*w**2. Let k(u) = 11*m(u) - 6*r(u). Calculate k(2).
5
Suppose k - 23 = -5. Let a = k + -18. Suppose a = 4*s + 2*f - 16, 3*s = f - 2*f + 13. Let t(n) = n**3 - 5*n**2 - 4. Give t(s).
-4
Let m(n) = -n**3 + 4*n**2 - 2*n + 4. Let h be m(3). Suppose 3*g = h*g - 12. Let a(k) = 2*k**2 + 3*k**3 - 3*k**2 + 2*k - 3*k - 4*k**g. Determine a(-2).
6
Let w(j) = j**2 + 15*j + 5. Let m be w(-15). Let x = m - 5. Let a(i) = -i + x*i**2 + 0*i - i**2 + 5. Give a(4).
-15
Let w(a) = -141*a**3 + a - 3*a**2 + 3*a**2 + 145*a**3. Give w(-1).
-5
Let d be ((-172)/(-4))/((-5)/40). Let j be 1 + (-8)/7 + d/(-56). Let h(q) = q**2 - 5*q + 1. Calculate h(j).
7
Let b(r) = -12*r - 45. Let j be b(-4). Let z(g) = 2*g**2 - 3*g - 3. Calculate z(j).
6
Let d(o) be the first derivative of -o**2/2 + 3*o + 1. Let k(z) be the second derivative of z**4/12 - 2*z**2 - z. Let i be k(0). What is d(i)?
7
Let m = -1137 + 1128. Let a(t) = -2*t + 5. Calculate a(m).
23
Let a(r) = -5*r**2 + 0*r - r**3 + 15 + 0*r - 6*r**2 - 9*r. Let s be a(-10). Let c(h) = -h**3 + 4*h**2 + 5*h. What is c(s)?
0
Let x(a) be the first derivative of -1/3*a**3 + 14 + 3*a + 3*a**2. Suppose 0*b + 3*n = -2*b + 11, 0 = -4*b - 2*n + 26. Calculate x(b).
-4
Let m(f) = -f**3 + 1. Let h(z) = -3*z**3 - 6*z**2 + z + 6. Let k(n) = -h(n) + 4*m(n). Let x = 4 + 85. Let y = -83 + x. What is k(y)?
-8
Let q(a) = 156*a**2 + 4*a**3 - 167*a**2 - 7*a + 10 - 5*a**3. Give q(-10).
-20
Let d be (-60)/(-10)*1/2. Suppose -d*f + 2 = -f. Let n(q) be the third derivative of -q**5/60 - q**4/12 + q**3/6 - q**2. What is n(f)?
-2
Let i be (-3 + 15/10)*-2. Suppose 0 = -5*k - i*k + 48. Let c(f) = -f**2 + 9*f - 5. Calculate c(k).
13
Let b(w) be the second derivative of 0 - 7/2*w**2 - 23*w - 1/3*w**3. Let q be (-2)/4 - 18/4. Determine b(q).
3
Let y(a) be the second derivative of -7/12*a**4 + 0 - a**2 + 1/20*a**5 - 9*a + 5/6*a**3. Give y(6).
-8
Suppose 72 = -7*g + 11*g. Suppose b = -r - 0 - 2, 0 = b + 5*r - g. Let l(a) = a - 3. Give l(b).
-10
Let d(t) = -t**2 + 8*t - 4. Let a(i) = -148 - 3*i**2 + 4*i**2 + 19*i + 152. Let c be (-74)/4 + 3/(-6). Let p be a(c). Calculate d(p).
12
Let m(r) = 2 + 0*r - 2*r**2 - 4398*r**3 + 4399*r**3 - 3*r. Determine m(4).
22
Let i(m) = -10*m - 3. Let s(b) = -b + 1. Let y(o) = -i(o) + 2*s(o). Let j = 7 - 11. What is y(j)?
-27
Let f(o) = o**3 - 5*o**2 + o + 11. Let h be f(4). Let q(k) = 8*k**2 - k. Calculate q(h).
9
Suppose 6*s - 10 = 8*s. Let l = s + 6. Let z(r) = -3*r + 1. Give z(l).
-2
Let x(m) = -3*m**2 - 10*m + 5. Let p(r) = r**2 + r - 2. Let k(i) = 4*p(i) + x(i). Let z = 6 - -1. What is k(z)?
4
Let d(a) be the third derivative of a**4/12 + 125*a**2. What is d(-6)?
-12
Let u be -1 - (0 + (2 - 11)). Suppose -4*m = -0*m - u. Let q(k) be the third derivative of k**5/60 - k**3/6 - 2974*k**2. Calculate q(m).
3
Let h(f) = 2*f + 1 + 2*f - f**2 - 4. Suppose -394 = -154*x - 43*x. What is h(x)?
1
Suppose -15 = -2*k + 5*h, 0 = 3*k + 5*h - 2 + 17. Suppose k*o - 16 = 4*o + x, -5*x + 25 = -o. Let p(s) = -s**2 - 7*s - 5. Determine p(o).
5
Let d(a) be the second derivative of a**4/6 - a**3/6 + a**2/2 + 211*a. What is d(2)?
7
Let r(x) = -14*x**3 + 53*x**2 + 19*x + 48. Let d(i) = 5*i**3 - 18*i**2 - 6*i - 16. Let w(j) = -17*d(j) - 6*r(j). Determine w(-11).
-5
Let q = 8 - 4. Suppose 35 = q*v + 5*k + 13, -3*v + 2*k = -5. Let b(h) = -8*h**3 + h**2 + 13 + 0*h - h + 7*h**v. Give b(0).
13
Let s(q) = -q**2 + 5 - 1218*q**3 + 1217*q**3 + 7*q - 4*q**2. Let l(h) = -h**3 - 6*h**2 - 3*h - 9. Let b be l(-6). Let o = -15 + b. What is s(o)?
-1
Let z(s) be the second derivative of -s**5/20 - s**4/2 - s**2 - 5*s. Suppose -5*b + 23 = -p, 2*p + 0 = -b + 9. Let h be 1/p + 39/(-6). Determine z(h).
-2
Suppose -30 = -5*m - v + 5*v, 5*m = -5*v + 30. Let f = 4 + -3. Let s(n) = -2 - f + 2*n + 1. Calculate s(m).
10
Let h(w) = -w**3 + 7*w**2 + 8*w + 14. Let z(q) = -3*q**3 + 20*q**2 + 23*q + 40. Let u(o) = 17*h(o) - 6*z(o). What is u(-3)?
-32
Let g(x) = x**2 - x - 2. Suppose -8 = y - 4*q, -4*y - 19 = -4*q + q. Determine g(y).
18
Let o(b) = -3 + 3*b**3 - 4*b**2 + 7*b**2 + 2. Suppose -r - 4*n - 6 = 0, -2 = -6*r + 2*r - 3*n. Suppose 0 = 6*c - 5*c + r. Calculate o(c).
-13
Let g(j) = -7*j + j + 16 + 3*j + 5*j. What is g(-13)?
-10
Let w(i) be the third derivative of 1/4*i**4 + 0 + 28*i**2 - 1/6*i**3 + 0*i - 1/60*i**5. Give w(6).
-1
Let a(l) = 4*l + 3. Suppose -12*t = 42 + 6. Determine a(t).
-13
Let d(x) = -7*x - 1. Let